18 is divided by o(-1)?
4
Let v = -7 - -12. Suppose 4*h + 10 = v*c, 5*c - 11 + 1 = -h. Suppose c*z - 3*y - 55 = 2*y, 0 = 3*z - 5*y - 75. Calculate the remainder when z is divided by 7.
6
Let t(k) = 10*k**2 + 6*k + 3. Let l be t(-4). Suppose -3*o + r = -l, -r = -o - 4*r + 43. What is the remainder when o is divided by 12?
10
Let t = -1 + 17. What is the remainder when 45 is divided by t?
13
Let u be (1 - (-2 + 4))/(-1). Suppose -5*n + 169 = -u. Calculate the remainder when 99 is divided by n.
31
What is the remainder when 167 is divided by ((-2)/5 - (-9)/10)*68?
31
Suppose -2*p + 6*p - 80 = 0. What is the remainder when 78 is divided by p?
18
Let g(b) = 2*b**2 + 2*b + 2. Suppose 0 = 5*a + 3 + 7. What is the remainder when 11 is divided by g(a)?
5
Suppose -4*a = -37 - 31. Calculate the remainder when 31 is divided by a.
14
Let a(u) = u**3 - 11*u**2 - 14*u + 4. Let y be a(12). What is the remainder when 62 is divided by (-17 + -3)*16/y?
14
Let t be -7 + 7 - 2/(-2). Calculate the remainder when -1*(13/(-1))/t is divided by 5.
3
Let c be 15/10 - 138/(-4). Let y = -12 + c. What is the remainder when 71 is divided by y?
23
Let y(w) = w**3 + 34*w**2 + w + 49. What is the remainder when 59 is divided by y(-34)?
14
Let h = -179 - -254. Suppose v + 0*v + 106 = 4*u, -3*v = 2*u - 46. What is the remainder when h is divided by u?
23
Suppose -13*b - 72 + 410 = 0. What is the remainder when 61 is divided by b?
9
Suppose -a = -5*x - 26, 5*a - 4*x - 46 = 3*a. Calculate the remainder when 60 is divided by a.
18
Let r = 12 - -11. Calculate the remainder when r is divided by 17.
6
Let u(h) = h**3 + 10*h**2 + 6*h - 4. What is the remainder when u(-9) is divided by 8?
7
Suppose -4*m - 4 = -2*m. Let p(k) = 8*k + 1. Calculate the remainder when p(3) is divided by m/6*(-27 + 0).
7
Let d(r) = r**3 - 5*r**2 - r + 3. Let q be d(5). Let g = q + 6. Suppose g = 2*p - 28. What is the remainder when 30 is divided by p?
14
Let w(x) = -2*x**3 - 4*x**2 - 4*x - 2. Let j = 13 + 9. What is the remainder when j is divided by w(-2)?
4
Let t(o) = -8*o**2 + 6*o + 10. Let u be t(-8). Calculate the remainder when u/(-14) + (-8)/28 is divided by 10.
9
Let y be 9*(-2 + 0 - -3). Let p(g) = -g**3 + 10*g**2 - 9*g + 4. What is the remainder when 14 is divided by p(y)?
2
What is the remainder when (0 + -4)/((-8)/68) is divided by (-4 + 8)/(2/6)?
10
Let p(i) = 8*i - 3*i**2 - i**3 + 0*i**2 + 0*i**3. Let s be p(-7). What is the remainder when s/16 - (-2)/8 is divided by 5?
4
Suppose -8 = 4*p + 4*r, 2*r - 5 = -3*r. Let q = -2 - p. Suppose -2*h = -15 + q. Calculate the remainder when 13 is divided by h.
6
Let q = 5 - 9. What is the remainder when ((-21)/q)/((-6)/(-32)) is divided by 10?
8
Let x be (-4)/18 + 8/36. Suppose 0 = 5*k - 5*p - 180, x = -2*k - 3*p - 2*p + 65. Calculate the remainder when k is divided by 19.
16
Let g(b) = 3*b**2 - 2*b + 3. Suppose 3*x - 9 = -3. Calculate the remainder when g(x) is divided by 6.
5
Suppose 0*w + 48 = 4*w. What is the remainder when 34 is divided by w?
10
Suppose 3*t = -2*h + 55, 2*h + 23 = t - 2*h. Let c(n) = 2*n**2 + 2*n - 3. Let g be -2*2 - -2 - 3. Calculate the remainder when c(g) is divided by t.
18
Suppose -5*a + 5*u + 140 = 0, 2*a - 3 = 4*u + 47. Calculate the remainder when 91 is divided by a.
29
Suppose -2*p + 147 - 9 = 4*d, 2*d = -5*p + 65. Calculate the remainder when 67 is divided by d.
32
Let f = 17 + -10. Suppose 0 = 3*m - f + 1. Calculate the remainder when (-2)/10 + 288/90 is divided by m.
1
Calculate the remainder when (-78)/(-3) - (-4 - -4) is divided by 9.
8
Suppose o + 0*o - 51 = 2*z, 4*o + 2*z = 174. What is the remainder when o is divided by 16?
13
Suppose -2*n + 0*n + 16 = 0. Let v(t) = 2*t**2 - 5*t - 9. Let h be v(7). Let o = -31 + h. Calculate the remainder when o is divided by n.
7
Let n = -17 - -44. Suppose 2*j - 172 = -2*j. Let t = j - n. Calculate the remainder when 47 is divided by t.
15
Let g = -19 - -41. What is the remainder when g is divided by 13 + (-1 - -2)*-1?
10
Suppose -h = v + 36, 118 = -4*h + v - 51. Let g = 7 - h. Calculate the remainder when g is divided by 25.
23
Let r = 231 - 215. What is the remainder when 67 is divided by r?
3
Suppose 4*o + n - 281 = 0, 3*o + 5*n - 94 = 2*o. Calculate the remainder when o is divided by 18.
15
Let l(x) = 4*x + 1. Let q be 246/22 + (-4)/22. What is the remainder when l(q) is divided by 12?
9
Let h = 67 + -19. What is the remainder when h is divided by 13?
9
Suppose 4*h - v - 179 = 0, 4*v - 5*v = -1. What is the remainder when h is divided by 13?
6
Let j = 6 - 4. Suppose 4*t - 456 = 3*o - 0*o, 2*t - 242 = -j*o. Let i = t + -56. What is the remainder when i is divided by 21?
19
Let d = 7 + -1. Let v = d + 2. Calculate the remainder when v is divided by 5.
3
Suppose -12 = -o - 3*o. Suppose -o*j - 2*j = -55. What is the remainder when 32 is divided by j?
10
Let a(u) = 22*u**2 + 1. Suppose m - 75 = -2*m + 3*c, 4*m = -3*c + 65. What is the remainder when a(1) is divided by (m/25)/(1/15)?
11
Suppose -5*g = -10*g + 40. Let v be 334/g + (-2)/(-8). Suppose 4*a = -2*j + v, 4*j + a = 5*j - 6. What is the remainder when 31 is divided by j?
9
Let n = -1 - 1. Let g be -1 + 66*(n - -3). Let l = g - 31. Calculate the remainder when l is divided by 18.
16
Let h be (-1)/2 - (-562)/4. Suppose -7*d + h = -2*d. Let s = 14 + -4. What is the remainder when d is divided by s?
8
Let v(g) = -9*g + 4. What is the remainder when v(-6) is divided by 20?
18
Let r(i) = -4*i**3 + i + 1. Let m be r(-1). Calculate the remainder when 10 is divided by 68/20 - m/10.
1
Let l(w) = 3*w**2 - 2*w + 1. Suppose 5*a = -2*v + 72 + 9, -4*v = 2*a - 26. Calculate the remainder when a is divided by l(2).
8
Suppose -4*p = -p + 66. Let m = -13 - p. Calculate the remainder when (25/(-3))/(4/(-12)) is divided by m.
7
Suppose 0 = -5*a - 39 - 6. Let p(q) = -q - 2. Let f be p(a). What is the remainder when (f + (3 - 2))/1 is divided by 3?
2
Let p(n) be the first derivative of n**4/4 + 2*n**3 - 2*n**2 - 7*n - 1. What is the remainder when p(-5) is divided by -5 - (-1148)/63 - (-4)/(-18)?
12
Let s be 13/(1/(-4) - 0). Let n be (-44)/s + (-4)/(-26). Let o(w) = 12*w**3. What is the remainder when 22 is divided by o(n)?
10
Suppose 0*s = -4*s. Suppose 2*u + s*u = 6. Let m = -16 - -27. Calculate the remainder when m is divided by u.
2
Let z = 11 - 6. What is the remainder when 22 is divided by z?
2
Let s(z) = 10*z - 1. Let n be s(11). Suppose -n = -5*c + 51. Calculate the remainder when c is divided by 17.
15
Let c(x) = x**3 + x + 1. Suppose 3*z - 4*w = 5, 2*w - 9 = -2*z - w. What is the remainder when c(z) is divided by 17?
14
Suppose 38*s - 35*s - 42 = 0. Let n = 10 + -2. What is the remainder when s is divided by n?
6
Calculate the remainder when (-1 - -2) + (-114)/(-6) is divided by ((-2)/6 + -2)*-3.
6
Suppose -2*f = -2 - 4. Suppose -6*y - f*b = -y - 74, 4*y - 58 = -2*b. Suppose -6*x + 3*x = a - 38, -5*x + 38 = a. What is the remainder when a is divided by y?
12
Let l(h) = -h**3 + 4*h**2 + 6*h - 5. Let w be l(5). Suppose -2*m - 2*q - 4 = w, 0 = 4*m - q - q - 16. What is the remainder when m is divided by 1?
0
Let d(i) = i**3 - 2*i**2 - 5*i + 6. Suppose 3 + 3 = 2*z, -j - 2*z = -10. Calculate the remainder when 52 is divided by d(j).
16
Let d(m) = 2 + 0*m - 5*m + 10 + 2*m. Calculate the remainder when d(-10) is divided by 11.
9
Let z be (-175)/(-14)*(-1 + -1). Let a = -15 - z. Calculate the remainder when a is divided by 4.
2
Let j(g) = -3*g**3 - 5*g + 5. Let b(i) = -3*i**3 - 6*i + 6. Let w(m) = -4*b(m) + 5*j(m). Calculate the remainder when w(-3) is divided by 29.
27
What is the remainder when (4 - 3) + -4 + 15 is divided by 8?
4
Suppose -12 = 2*f - 3*f. Let v = 12 + -8. Suppose -6*u = -v*u - 68. Calculate the remainder when u is divided by f.
10
Let c = -14 + 57. What is the remainder when c is divided by 15?
13
Let y(w) = w + 2. Calculate the remainder when y(8) is divided by (-1)/2 - (-9)/2.
2
Let i(j) = 2*j**2 - j - 2. Let r be i(2). Suppose -r*d - 28 + 108 = 0. What is the remainder when d is divided by 11?
9
Suppose -l - b = -3*l + 151, 4*l = -5*b + 267. Calculate the remainder when l is divided by 38.
35
Let r = -13 + 24. Suppose z = -3*z + 124. Calculate the remainder when z is divided by r.
9
What is the remainder when 82 is divided